by 272231?
17
Calculate the remainder when 95230599 is divided by 1268.
1263
What is the remainder when 1712372 is divided by 855902?
568
Calculate the remainder when 44912 is divided by 4978.
110
Calculate the remainder when 145680199 is divided by 9.
7
What is the remainder when 2112075 is divided by 528010?
35
Calculate the remainder when 55501 is divided by 444.
1
What is the remainder when 789710 is divided by 77?
75
Calculate the remainder when 13883142 is divided by 38036.
2
What is the remainder when 37254 is divided by 2079?
1911
Calculate the remainder when 2870150 is divided by 61067.
1
What is the remainder when 180708374 is divided by 2725?
2724
Calculate the remainder when 3227133 is divided by 148.
141
What is the remainder when 19270 is divided by 451?
328
Calculate the remainder when 32396641 is divided by 67.
64
Calculate the remainder when 881562 is divided by 90.
12
What is the remainder when 1708964 is divided by 569652?
8
What is the remainder when 688078 is divided by 3324?
10
What is the remainder when 79606 is divided by 1363?
552
Calculate the remainder when 3764589 is divided by 607.
582
Calculate the remainder when 16944 is divided by 498.
12
Calculate the remainder when 4934141 is divided by 29196.
17
Calculate the remainder when 111083 is divided by 1371.
32
What is the remainder when 306360 is divided by 556?
4
What is the remainder when 6436365 is divided by 715147?
42
What is the remainder when 18665009 is divided by 1170?
1169
Calculate the remainder when 320561 is divided by 1897.
1865
Calculate the remainder when 30625706 is divided by 340.
206
What is the remainder when 106727 is divided by 969?
137
Calculate the remainder when 376787954 is divided by 112.
18
Calculate the remainder when 2989022 is divided by 271729.
3
What is the remainder when 731009 is divided by 731005?
4
Calculate the remainder when 12375272 is divided by 289.
3
Calculate the remainder when 36801220 is divided by 318.
34
What is the remainder when 133898 is divided by 133662?
236
What is the remainder when 76025957 is divided by 411?
410
What is the remainder when 259967 is divided by 51989?
22
What is the remainder when 3015414 is divided by 3015414?
0
Calculate the remainder when 3594369 is divided by 569.
565
Calculate the remainder when 6647 is divided by 2203.
38
Calculate the remainder when 310558 is divided by 369.
229
Calculate the remainder when 50647 is divided by 6005.
2607
Calculate the remainder when 1623921 is divided by 541298.
27
Calculate the remainder when 720839 is divided by 55439.
132
What is the remainder when 159457 is divided by 4103?
3543
Calculate the remainder when 111540277 is divided by 20.
17
What is the remainder when 913705 is divided by 28553?
9
Calculate the remainder when 5564434 is divided by 73.
9
What is the remainder when 942574 is divided by 219?
217
What is the remainder when 1346995 is divided by 36395?
380
What is the remainder when 108853 is divided by 74?
73
What is the remainder when 19942085 is divided by 34?
31
What is the remainder when 14720 is divided by 13003?
1717
What is the remainder when 72366 is divided by 35653?
1060
What is the remainder when 283614 is divided by 282941?
673
What is the remainder when 591235 is divided by 1643?
1398
What is the remainder when 6816906 is divided by 6816884?
22
What is the remainder when 22873 is divided by 21704?
1169
Calculate the remainder when 10597823 is divided by 93.
8
What is the remainder when 4406212 is divided by 30?
22
What is the remainder when 50374 is divided by 16347?
1333
What is the remainder when 30948957 is divided by 172899?
36
What is the remainder when 742008 is divided by 1013?
492
Calculate the remainder when 254374 is divided by 127186.
2
Calculate the remainder when 15391121 is divided by 799.
783
Calculate the remainder when 14351813 is divided by 652355.
3
What is the remainder when 366865 is divided by 30470?
1225
Calculate the remainder when 357161780 is divided by 516.
512
Calculate the remainder when 13602370 is divided by 2.
0
Calculate the remainder when 32739 is divided by 593.
124
Calculate the remainder when 47344 is divided by 4730.
44
Calculate the remainder when 94108749 is divided by 841.
8
Calculate the remainder when 30385612 is divided by 57.
52
Calculate the remainder when 72066 is divided by 502.
280
Calculate the remainder when 4562185 is divided by 548.
85
What is the remainder when 21910927 is divided by 4382173?
62
Calculate the remainder when 157330805 is divided by 1103.
1091
Calculate the remainder when 109664 is divided by 27246.
680
What is the remainder when 1885215 is divided by 11166?
9327
What is the remainder when 322801 is divided by 64558?
11
Calculate the remainder when 68238318 is divided by 3981.
3978
What is the remainder when 326565 is divided by 190?
145
Calculate the remainder when 400503 is divided by 100121.
19
Calculate the remainder when 38032642 is divided by 11.
10
Calculate the remainder when 70684 is divided by 70223.
461
Calculate the remainder when 2194369 is divided by 2004.
1993
What is the remainder when 146504 is divided by 18286?
216
What is the remainder when 337404 is divided by 295?
219
Calculate the remainder when 15671003 is divided by 188807.
22
What is the remainder when 106882 is divided by 442?
360
What is the remainder when 1182335 is divided by 2310?
1925
What is the remainder when 6472 is divided by 6357?
115
Calculate the remainder when 135317890 is divided by 755.
750
What is the remainder when 534917 is divided by 534427?
490
Calculate the remainder when 430312 is divided by 766.
586
What is the remainder when 5184985 is divided by 106?
101
What is the remainder when 65498 is divided by 2721?
194
Calculate the remainder when 284234 is divided by 421.
59
Calculate the remainder when 83525 is divided by 80010.
3515
What is the remainder when 471463 is divided by 214?
21
What is the remainder when 7475893 is divided by 355994?
19
What is the remainder when 10855 is divided by 1011?
745
Calculate the remainder when 35230980 is divided by 27.
3
Calculate the remainder when 722989299 is divided by 44.
43
What is the remainder when 436478 is divided by 43?
28
What is the remainder when 1118346 is divided by 559000?
346
Calculate the remainder when 476321 is divided by 6648.
4313
Calculate the remainder when 280248751 is divided by 146.
145
What is the remainder when 694865 is divided by 49?
45
What is the remainder when 430720 is divided by 1985?
1960
What is the remainder when 4304164 is divided by 237?
7
Calculate the remainder when 2294167 is divided by 426.
157
Calculate the remainder when 17761483 is divided by 18875.
108
What is the remainder when 112134383 is divided by 9?
8
What is the remainder when 13413 is divided by 617?
456
Calculate the remainder when 80537 is divided by 20041.
373
What is the remainder when 4217073 is divided by 35?
28
Calculate the remainder when 13048436 is divided by 47622.
8
Calculate the remainder when 18228633 is divided by 9078.
9
What is the remainder when 10506 is divided by 747?
48
What is the remainder when 12057619 is divided by 32?
19
What is the remainder when 1076891 is divided by 133?
123
What is the remainder when 631165334 is divided by 4?
2
Calculate the remainder when 11767773 is divided by 888.
885
What is the remainder when 618924 is divided by 111?
99
What is the remainder when 89872157 is divided by 6?
5
Calculate the remainder when 7679738 is divided by 1462.
1314
What is the remainder when 21355 is divided by 1538?
1361
Calculate the remainder when 1602689 is divided by 1602653.
36
What is the remainder when 43418962 is divided by 5807?
23
Calculate the remainder when 2853053 is divided by 84.
77
What is the remainder when 14317217 is divided by 552?
545
Calculate the remainder when 1109429 is divided by 92.
1
Calculate the remainder when 75801 is divided by 1469.
882
Calculate the remainder when 219403 is divided by 168.
163
Calculate the remainder when 14035 is divided by 24.
19
Calculate the remainder when 2391623 is divided by 277.
5
What is the remainder when 339950 is divided by 1723?
519
What is the remainder when 646992 is divided by 5933?
295
What is the remainder when 4512651 is divi